12 + 2102215236?
2102215224
In base 9, what is 21 - -3440500?
3440521
In base 2, what is 110000010100000111 - 101101000?
110000001110011111
In base 10, what is 493721 + 93?
493814
In base 12, what is -5845b + -321?
-58780
In base 2, what is 1001101011011100101111 - 0?
1001101011011100101111
In base 12, what is -16 - 1007334?
-100734a
In base 15, what is 497 - ed5?
-a3d
In base 7, what is -3513626 + -52?
-3514011
In base 3, what is 2100122202121 + 0?
2100122202121
In base 16, what is -11239 + -3e?
-11277
In base 6, what is 2023 + 524335?
530402
In base 16, what is 2addbb - -85?
2ade40
In base 15, what is 83653 - 2d2?
83371
In base 3, what is -222111011 + 2000102?
-220110202
In base 16, what is -3 - 141f2d5?
-141f2d8
In base 12, what is -1 - -12864312?
12864311
In base 11, what is 800 + -a682?
-9982
In base 9, what is 7607 + 47?
7655
In base 16, what is a - -1a6b955?
1a6b95f
In base 11, what is 29 + -a26560?
-a26532
In base 3, what is 11202 + 111111201?
111200110
In base 5, what is 1410 + 11113440?
11120400
In base 6, what is -1021405525052 - -4?
-1021405525044
In base 3, what is 201020012111122 + 100?
201020012111222
In base 10, what is -95350 - 2278?
-97628
In base 6, what is -10351054130 + -1?
-10351054131
In base 10, what is 1489 + 116619?
118108
In base 15, what is -bb - 332ab?
-33377
In base 4, what is -13323201 + 2233?
-13320302
In base 8, what is 46371 - 66?
46303
In base 6, what is 154141 - -4123?
202304
In base 9, what is 223141 + -312?
222728
In base 10, what is 767 - 64711?
-63944
In base 11, what is -3538 + -2000?
-5538
In base 12, what is -2 + -b28403?
-b28405
In base 2, what is -100010001 + 100001110010010101?
100001101110000100
In base 3, what is -2100220020022 - -2000021?
-2100211020001
In base 12, what is -9 - 631663?
-631670
In base 6, what is -413355 + 2132?
-411223
In base 7, what is -1253125402 + -5?
-1253125410
In base 8, what is -14 - 2104330?
-2104344
In base 11, what is -2a + -3a34357?
-3a34386
In base 8, what is -5 - -14432015?
14432010
In base 7, what is 1 - 24626544?
-24626543
In base 7, what is 560406305 + 11?
560406316
In base 5, what is -4140133 - 223143?
-4413331
In base 13, what is -375296b - 3?
-3752971
In base 16, what is -9917 + 2fe?
-9619
In base 16, what is -111a9e0 + 2?
-111a9de
In base 14, what is -7 - -261b0?
261a7
In base 12, what is 1 + 27b615b?
27b6160
In base 10, what is -88179 - 197?
-88376
In base 2, what is -10010011111001001111001 + 1001100?
-10010011111001000101101
In base 6, what is 153312 + 12104?
205420
In base 9, what is -1358677 - -86?
-1358581
In base 2, what is -1110011000000110011001100000 + -10?
-1110011000000110011001100010
In base 5, what is -21410 + 14014231?
13442321
In base 2, what is -111001010011101 + -111111000?
-111010010010101
In base 2, what is -11100001 + 1010?
-11010111
In base 12, what is a - 157bb0a?
-157bb00
In base 5, what is 1313 - 10414?
-4101
In base 5, what is -114144314034 + 2?
-114144314032
In base 14, what is 98ab8 + -26?
98a92
In base 15, what is -138bb - -d1c?
-12a9e
In base 11, what is -46456 - 441?
-46897
In base 5, what is -4 - 21103021101?
-21103021110
In base 16, what is 85a92 - c7?
859cb
In base 11, what is 4 + 6684a70?
6684a74
In base 13, what is -5 - -1a5b62b?
1a5b626
In base 6, what is -5102323 - -1451?
-5100432
In base 12, what is -248 + -58aba?
-59146
In base 11, what is -12 + 1296a798?
1296a786
In base 8, what is 144200040 + -27?
144200011
In base 4, what is 2022220 - -1021?
2023301
In base 7, what is 4 + -30466121?
-30466114
In base 12, what is -3 - 239a84?
-239a87
In base 7, what is -2 + -616430214?
-616430216
In base 5, what is -3134 - 32400140?
-32403324
In base 14, what is 2b - 76a8b?
-76a60
In base 7, what is 1 - 260330050?
-260330046
In base 13, what is -6942b97 + 3?
-6942b94
In base 5, what is 10311 - -104023111?
104033422
In base 7, what is 323412303 + 1?
323412304
In base 3, what is -1222112211122 + -21110?
-1222120010002
In base 16, what is 4 + -2583c0?
-2583bc
In base 14, what is -23d + 1264?
1025
In base 2, what is -11101101000001111 - -1111110110100?
-11011101001011011
In base 10, what is 12 + -644647?
-644635
In base 11, what is -1a42 + 238920?
236989
In base 16, what is a54ec - e?
a54de
In base 8, what is -137470 + -11666?
-151356
In base 9, what is 13066 + -5261?
6705
In base 8, what is 22670 + 10050?
32740
In base 3, what is -12111112 + -1210000?
-21021112
In base 7, what is 56 - -1026541?
1026630
In base 8, what is -14655 + 653?
-14002
In base 14, what is -2304233 - 2?
-2304235
In base 3, what is 10002 - 2011001010?
-2010221001
In base 4, what is 2200220 - 1000123?
1200031
In base 2, what is -1010 - 1110110110001000?
-1110110110010010
In base 10, what is -12287655 + 34?
-12287621
In base 6, what is -332343 + -551431?
-1324214
In base 10, what is -3 + 15808688?
15808685
In base 3, what is 12 - 122010021120212?
-122010021120200
In base 9, what is 5504 + -5483?
11
In base 16, what is 27 - -292db?
29302
In base 2, what is 10 - -10111100101000011111100?
10111100101000011111110
In base 8, what is 13 - 34725343?
-34725330
In base 11, what is 2 - 734572?
-734570
In base 3, what is -11000121122 - 210121?
-11001102020
In base 8, what is -1127115 - 217?
-1127334
In base 13, what is 5 + 110a53?
110a58
In base 2, what is 100000010111010001110110 + -1?
100000010111010001110101
In base 6, what is -25113235 + -2134?
-25115413
In base 11, what is 1131 - -4899?
5a1a
In base 7, what is -5 + -633616622?
-633616630
In base 3, what is 0 - -221122101100211?
221122101100211
In base 13, what is -a26bab - -5?
-a26ba6
In base 9, what is -101137835 - -3?
-101137832
In base 3, what is 12 - 22212122100220?
-22212122100201
In base 8, what is 2265 + -2716?
-431
In base 2, what is 11 - 10001010000010000011001011?
-10001010000010000011001000
In base 15, what is -ac71420 - 0?
-ac71420
In base 12, what is -1 - 117975a?
-117975b
In base 4, what is 1011321 + 12333?
1030320
In base 4, what is -32000301131300 + 0?
-32000301131300
In base 11, what is -2951621a - -20?
-295161aa
In base 2, what is 10 - 100100001110000000111010110?
-100100001110000000111010100
In base 11, what is 3143 - 73?
3080
In base 16, what is -3b + 497c3?
49788
In base 13, what is 0 + -6401ba?
-6401ba
In base 7, what is -5415 - 24113?
-32531
In base 12, what is -134a - -1481?
133
In base 6, what is 25005354 + -3?
25005351
In base 13, what is -1874 - 7513?
-9087
In base 7, what is -21646 - -41155?
16206
In base 2, what is 1011110 - -10110001010011001?
10110001011110111
In base 9, what is 2638 + 220275?
223024
In base 3, what is -1 - -1212121000220112?
1212121000220111
In base 3, what is -222020201 - -1110?
-222012021
In base 9, what is -5457648 + -27?
-5457676
In base 10, what is -19608302 - 4?
-19608306
In base 3, what is -1 + 102201121121102?
102201121121101
In base 4, what is -1030323003 + -3301?
-1030332310
In base 6, what is -2 + -12201415412?
-12201415414
In base 3, what is -10001 - 100000001120222?
-100000001201000
In base 6, what is -51435 - -424?
-51011
In base 16, what is -1 + 21b8b2?
21b8b1
In base 7, what is 26605 + -126602?
-66664
In base 2, what is 11101011 - 1001101101010010?
-1001101001100111
In base 16, what is -4011ef - 39?
-401228
In base 8, what is -176 - 30211353?
-30211551
In base 7, what is -41221 - 5315?
-46536
In base 9, what is -1 - -256566760?
256566758
In base 7, what is -2 - -2032545565?
2032545563
In base 4, what is 1013321 + 121030?
1201011
In base 15, what is -1c2ad + -134?
-1c3e2
In base 11, what is 48 - -359125?
359172
In base 11, what is 1186503 - -491?
1186994
In base 2, what is -101000100 - -11001010010101110?
11001001101101010
In base 9, what is 286 + -181420?
-181123
In base 3, what is 11201 - -222202011210?
222202100111
In base 16, what is 166a - 4a4?
11c6
In base 16, what is 5 + a7584?
a7589
In base 13, what is 171 - 132562?
-1323c1
In base 8, what is 310 - -136112?
136422
In base 2, what is 100001110 + -1000111100111110?
-1000111000110000
In base 11, what is -9919151 + -2?
-9919153
In base 2, what is 1101000 - -1100111000110000000010?
1100111000110001101010
In base 16, what is -86cf7 - 40?
-86d37
In base 14, what is d212b + 15?
d2142
In base 7, what is 643644642 - -1?
643644643
In base 9, what is -41828 - -15?
-41813
In base 16, what is 4 - 25512f9?
-25512